{"id":2494,"date":"2015-03-23T14:44:09","date_gmt":"2015-03-23T13:44:09","guid":{"rendered":"http:\/\/ahg-hamm.de\/web\/?page_id=2494"},"modified":"2015-04-02T19:56:27","modified_gmt":"2015-04-02T17:56:27","slug":"pflegeanleitung-pflanzgefaesse","status":"publish","type":"page","link":"https:\/\/ahg-hamm.de\/web\/pflegeanleitung-pflanzgefaesse\/","title":{"rendered":"Pflegeanleitung"},"content":{"rendered":"<p><strong><span style=\"font-size: 14pt;\"><i class=\"fa fa-arrow-circle-right\"><\/i> Pflegeanleitung unserer Pflanzgef\u00e4\u00dfe<\/span><\/strong><br \/>\n(Winter- und frostbest\u00e4ndig)<\/p>\n<p>Sie werden auch nach der kalten Jahreszeit lange Freude an unseren hochwertigen Pflanzgef\u00e4\u00dfen haben wenn die folgenden Regeln beachten werden. Zun\u00e4chst mu\u00df man wissen, dass es eigentlich keine absolute \u201eWaffe\u201c gegen den Frost gibt, da bekannterweise gefrierendes Wasser sogar Heizungsrohre oder Hausw\u00e4nde sprengen kann.<\/p>\n<p>Aber man kann die Gefahr minimieren wenn man folgende <br \/>Vorsichtsma\u00dfnahmen ergreift:<\/p>\n<ul>\n<li>entfernen Sie Untersetzer oder Teller damit das Ablaufloch des Topfes frei ist<\/li>\n<li>sorgen Sie mit F\u00fc\u00dfchen o.\u00e4. daf\u00fcr, dass der Topf nicht unmittelbar auf dem Boden steht; das Ablaufloch des Gef\u00e4\u00dfes<br \/> mu\u00df frei zug\u00e4nglich sein damit das Wasser ungehindert ablaufen kann und der Topf nicht am Boden festfriert<\/li>\n<li>wenn m\u00f6glich \u00fcberpr\u00fcfen sie noch mal, dass das Ablaufloch nicht durch Erde von Innen verstopf ist; an dieser Stelle der Hinweis, dass die meisten Fehler bereits beim Bepflanzen stattfinden wenn das Ablaufloch nicht durch eine Drainageschicht o.\u00e4. abgedeckt wird, damit es sich nicht zusetzen kann<\/li>\n<li>setzen Sie den Topf so nah wie m\u00f6glich an die Hauswand, am Besten noch \u00fcberdacht, da der Frost dort verz\u00f6gert ankommt<\/li>\n<li>entfernen Sie regelm\u00e4\u00dfig den Schnee vom Topf da es sonst im Sonnenlicht zu Spannungen kommen kann (der Schnee schmilzt durch die Sonne, kann durch kleine Poren eindringen und gefriert unmittelbar unter der Oberfl\u00e4che)<\/li>\n<\/ul>\n","protected":false},"excerpt":{"rendered":"<p>Pflegeanleitung unserer Pflanzgef\u00e4\u00dfe (Winter- und frostbest\u00e4ndig) Sie werden auch nach der kalten Jahreszeit lange Freude an unseren hochwertigen Pflanzgef\u00e4\u00dfen haben wenn die folgenden Regeln beachten werden. Zun\u00e4chst mu\u00df man wissen, dass es eigentlich keine absolute \u201eWaffe\u201c gegen den Frost gibt, da bekannterweise gefrierendes Wasser sogar Heizungsrohre oder Hausw\u00e4nde sprengen kann. Aber man kann die Gefahr [&#8230;]<\/p>\n","protected":false},"author":2,"featured_media":0,"parent":0,"menu_order":7,"comment_status":"open","ping_status":"open","template":"page-fullwidth.php","meta":{"footnotes":""},"class_list":["post-2494","page","type-page","status-publish","hentry"],"_links":{"self":[{"href":"https:\/\/ahg-hamm.de\/web\/wp-json\/wp\/v2\/pages\/2494","targetHints":{"allow":["GET"]}}],"collection":[{"href":"https:\/\/ahg-hamm.de\/web\/wp-json\/wp\/v2\/pages"}],"about":[{"href":"https:\/\/ahg-hamm.de\/web\/wp-json\/wp\/v2\/types\/page"}],"author":[{"embeddable":true,"href":"https:\/\/ahg-hamm.de\/web\/wp-json\/wp\/v2\/users\/2"}],"replies":[{"embeddable":true,"href":"https:\/\/ahg-hamm.de\/web\/wp-json\/wp\/v2\/comments?post=2494"}],"version-history":[{"count":12,"href":"https:\/\/ahg-hamm.de\/web\/wp-json\/wp\/v2\/pages\/2494\/revisions"}],"predecessor-version":[{"id":2753,"href":"https:\/\/ahg-hamm.de\/web\/wp-json\/wp\/v2\/pages\/2494\/revisions\/2753"}],"wp:attachment":[{"href":"https:\/\/ahg-hamm.de\/web\/wp-json\/wp\/v2\/media?parent=2494"}],"curies":[{"name":"wp","href":"https:\/\/api.w.org\/{rel}","templated":true}]}}